81 composite?
False
Is 773414519 a prime number?
True
Is 26443710201 a composite number?
True
Is 193453900037 composite?
False
Is 17111706137 prime?
False
Is 12870270613 a composite number?
False
Is 102426083 prime?
False
Is 353468287 a prime number?
False
Is 307098199 composite?
True
Is 37286861369 prime?
False
Is 1665684253 composite?
True
Is 1836263741 prime?
False
Is 202569427661 composite?
False
Is 181605269 a prime number?
False
Is 10925613883 prime?
True
Is 2517514871 a composite number?
True
Is 62239019 prime?
True
Is 155221739 composite?
False
Is 5025831037 prime?
False
Is 87848851 a prime number?
True
Is 1032582905 a composite number?
True
Is 784569365 a composite number?
True
Is 161695447 a composite number?
False
Is 510034327 composite?
True
Is 142198301 prime?
False
Is 223962227 a prime number?
False
Is 121672483519 prime?
True
Is 2362476331 a composite number?
True
Is 2283962357 composite?
True
Is 17062829191 composite?
False
Is 514493731 composite?
True
Is 107496473977 a composite number?
False
Is 12030281005 a prime number?
False
Is 3404051279 a composite number?
True
Is 47599236521 a composite number?
False
Is 46436391979 a prime number?
True
Is 170433973 a prime number?
False
Is 29697934139 prime?
True
Is 12890141839 a composite number?
True
Is 46524340663 a prime number?
True
Is 1242771449 prime?
False
Is 4559293315 a prime number?
False
Is 596693203 composite?
True
Is 813303059 a composite number?
False
Is 38312251 prime?
False
Is 6853922203 composite?
True
Is 370726679 a composite number?
True
Is 19622351381 composite?
False
Is 4813189135 a prime number?
False
Is 769658014 prime?
False
Is 27335313833 prime?
True
Is 3849138881 a prime number?
False
Is 13861090253 composite?
False
Is 680211977 composite?
False
Is 2853022621 prime?
False
Is 89169518767 a composite number?
True
Is 29496829781 prime?
False
Is 21078161627 prime?
False
Is 23527942111 composite?
True
Is 12719486669 composite?
False
Is 750978533 prime?
False
Is 183698722297 composite?
True
Is 9760911827 prime?
True
Is 2182645741 a composite number?
True
Is 10054636973 prime?
True
Is 5288987447 composite?
False
Is 20707675927 a prime number?
False
Is 3841919657 a composite number?
True
Is 223763947 prime?
False
Is 2900579029 a composite number?
False
Is 3085791793 prime?
False
Is 728497769 composite?
True
Is 2166730967 a composite number?
True
Is 73026661 a prime number?
True
Is 409734643 a composite number?
False
Is 11459456329 a prime number?
False
Is 78283547833 a composite number?
True
Is 75185869982 prime?
False
Is 2112166463 a prime number?
False
Is 29508017309 prime?
True
Is 20332045933 a prime number?
True
Is 772984187 prime?
True
Is 7345746817 composite?
True
Is 74996731 a prime number?
False
Is 856281989 a prime number?
False
Is 7268920727 composite?
True
Is 8475381995 a prime number?
False
Is 221023321 prime?
False
Is 1036406218 composite?
True
Is 97477223 a composite number?
False
Is 172536773 prime?
True
Is 367411483 prime?
False
Is 1573424221 composite?
False
Is 6801184289 a prime number?
False
Is 7003094963 a prime number?
False
Is 1295007617 composite?
True
Is 627058457 prime?
True
Is 292957727 composite?
False
Is 556381823 a prime number?
False
Is 1801087993 a composite number?
False
Is 455115173 a prime number?
False
Is 729573379 a prime number?
False
Is 8650104527 prime?
True
Is 41350704167 prime?
False
Is 7320964637 a composite number?
True
Is 123107849 composite?
False
Is 507710213 a prime number?
True
Is 3940131853 a composite number?
True
Is 5487651809 a prime number?
True
Is 6166617631 prime?
True
Is 32267315933 a prime number?
True
Is 2520524587 prime?
False
Is 6406188197 a composite number?
False
Is 3035068261 a prime number?
True
Is 474755803 a composite number?
False
Is 1235457049 prime?
True
Is 2465105287 composite?
False
Is 1889536367 composite?
True
Is 11971421555 a composite number?
True
Is 299828219 composite?
True
Is 72503901039 composite?
True
Is 4574648171 a composite number?
False
Is 332036993 a composite number?
True
Is 223974889 composite?
True
Is 88902533 composite?
False
Is 6161443699 a composite number?
False
Is 116166067 prime?
True
Is 5939661547 a prime number?
True
Is 10394688077 prime?
True
Is 21663452653 composite?
True
Is 2226389807 a prime number?
True
Is 66034451701 a prime number?
True
Is 67960406603 composite?
True
Is 35726924501 a composite number?
False
Is 43691106335 a composite number?
True
Is 412112291 prime?
True
Is 121961073457 prime?
True
Is 94446076301 composite?
False
Is 2714920571 composite?
True
Is 10292191883 a prime number?
False
Is 37439834377 a composite number?
True
Is 702953563 prime?
False
Is 45577962929 a prime number?
True
Is 508150609 a composite number?
True
Is 17057024833 a prime number?
True
Is 8663419717 prime?
True
Is 607226027 a prime number?
True
Is 4688867551 a composite number?
True
Is 55741620907 a prime number?
False
Is 21637369946 composite?
True
Is 3321910483 a prime number?
False
Is 114764519327 a composite number?
False
Is 93195166681 prime?
False
Is 16465904131 a composite number?
True
Is 5699410873 a prime number?
False
Is 15732331463 a composite number?
False
Is 724399061 a composite number?
True
Is 11669303029 prime?
False
Is 11402077781 prime?
False
Is 36063213133 a composite number?
True
Is 10645360379 a composite number?
False
Is 452613827 prime?
False
Is 1932781219 a composite number?
False
Is 7488680617 prime?
False
Is 6281398797 prime?
False
Is 6664099423 a prime number?
False
Is 7763134511 composite?
True
Is 2127722297 composite?
True
Is 6912174881 a composite number?
False
Is 25534257709 a prime number?
True
Is 435277763 a composite number?
True
Is 93220847179 a composite number?
False
Is 2108803657 composite?
False
Is 2808169717 prime?
False
Is 3753838559 a composite number?
True
Is 1238628877 a composite number?
False
Is 33446162537 a prime number?
True
Is 3048092621 composite?
True
Is 26064683677 composite?
False
Is 661583269 a composite number?
True
Is 133156559577 composite?
True
Is 17330100661 a composite number?
False
Is 51222569477 composite?
False
Is 50834489 a prime number?
True
Is 396070453 a composite number?
False
Is 22013880767 prime?
False
Is 4347606557 prime?
False
Is 243743141 prime?
False
Is 2207544841 a composite number?
False
Is 339502503 a prime number?
False
Is 12680485813 a prime number?
True
Is 1257360061 prime?
True
Is 3289573699 a prime number?
True
Is 525399257 a prime number?
True
Is 4300871879 prime?
True
Is 712266103 prime?
False
Is 324316373 a prime number?
False
Is 318861674723 a composite number?
True
Is 3067282671 composite?
True
Is 1093388726 composite?
True
Is 347685747 a prime number?
False
Is 54346613 a prime number?
True
Is 74439310349 a composite number?
True
Is 1335068663 composite?
False
Is 332219301 a composite number?
True
Is 26341833998 a composite number?
True
Is 244089137 composite?
False
Is 1849594861 a prime number?
True
Is 181105961 composite?
False
Is 67285555102 a composite number?
True
Is 4757325682 composite?
True
Is 10820119129 composite?
True
Is 730657771 a prime number?
True
Is 185727058391 composite?
True
Is 39047047597 prime?
False
Is 17215985879 a composite number?
True
Is 69837341 composite?
True
Is 6153159193 a composite number?
False
Is 507514649 composite?
True
Is 15671330027 prime?
False
Is 25115040619 prime?
True
Is 9304625683 a composite number?
False
Is 1193903293 composite?
True
Is 5331585163 a prime number?
True
Is 2059435967 composite?
False
Is 77677253 prime?
True
Is 728933921 prime?
True
Is 40237132281 a composite number?
True
Is 9673450069 a composite number?
True
Is 2254055989 composite?
True
Is 328584533 composite?
True
Is 16422480017 a composite number?
False
Is 1959032437 a composite number?
True
Is 58396797527 a prime number?
False
Is 1420135463 a composite number?
True
Is 22672458713 a composite number?
False
Is 158693461435 composite?
True
Is 3166977259 a prime number?
True
Is 261131771 a composite number?
False
Is 22825164803 a composite number?
True
Is 561399385 a composite number?
True
Is 780624121 a prime number?
False
Is 9353911993 prime?
False
Is 824544179 prime?
True
Is 4144958401 a composite number?
False
Is 40271148899 a prime number?
True
Is 1984543021 a composite number?
